the remainder when 1921431 is divided by 1844.
1827
Calculate the remainder when 31939 is divided by 7579.
1623
Calculate the remainder when 10786913 is divided by 223.
180
Calculate the remainder when 106250889 is divided by 22.
19
Calculate the remainder when 8931805 is divided by 216.
205
Calculate the remainder when 25365140 is divided by 9.
8
Calculate the remainder when 223311628 is divided by 227869.
8
What is the remainder when 4266446 is divided by 853289?
1
What is the remainder when 1484379267 is divided by 18?
15
Calculate the remainder when 131324 is divided by 3973.
215
What is the remainder when 420166 is divided by 1001?
747
What is the remainder when 16878205 is divided by 71216?
13
Calculate the remainder when 1429846 is divided by 15023.
2661
What is the remainder when 135077 is divided by 526?
421
What is the remainder when 359946 is divided by 390?
366
Calculate the remainder when 41396240 is divided by 358.
342
Calculate the remainder when 1197029 is divided by 19623.
26
What is the remainder when 20759 is divided by 470?
79
Calculate the remainder when 71162 is divided by 17781.
38
What is the remainder when 7108021 is divided by 1421604?
1
Calculate the remainder when 3991 is divided by 501.
484
What is the remainder when 21718 is divided by 10405?
908
Calculate the remainder when 256256 is divided by 28256.
1952
Calculate the remainder when 31461993 is divided by 67515.
3
What is the remainder when 4266637 is divided by 853320?
37
Calculate the remainder when 143117 is divided by 71168.
781
Calculate the remainder when 14613331 is divided by 7306665.
1
Calculate the remainder when 2424570 is divided by 606140.
10
Calculate the remainder when 35876072 is divided by 2196.
20
Calculate the remainder when 1499175 is divided by 749514.
147
Calculate the remainder when 5036051 is divided by 177.
47
Calculate the remainder when 8892805 is divided by 46.
39
What is the remainder when 1612774 is divided by 447?
445
What is the remainder when 13662428 is divided by 709?
707
Calculate the remainder when 683707 is divided by 2011.
1978
What is the remainder when 4019717 is divided by 108639?
74
What is the remainder when 1689250 is divided by 1689219?
31
Calculate the remainder when 303395 is divided by 60635.
220
What is the remainder when 2013202 is divided by 9586?
142
What is the remainder when 715252 is divided by 238404?
40
What is the remainder when 7001062 is divided by 958?
956
What is the remainder when 9737147 is divided by 2441?
2439
Calculate the remainder when 2674730 is divided by 1337356.
18
Calculate the remainder when 4114949 is divided by 14.
13
What is the remainder when 10191126 is divided by 1677?
1674
Calculate the remainder when 1710 is divided by 867.
843
Calculate the remainder when 44611 is divided by 2820.
2311
Calculate the remainder when 38722 is divided by 11522.
4156
What is the remainder when 100261 is divided by 33411?
28
What is the remainder when 82168 is divided by 874?
12
Calculate the remainder when 7593789 is divided by 446693.
8
What is the remainder when 28797082 is divided by 42?
34
Calculate the remainder when 5930367 is divided by 63.
51
What is the remainder when 353552615 is divided by 5241?
5237
Calculate the remainder when 9210580 is divided by 43.
23
What is the remainder when 140591 is divided by 445?
416
What is the remainder when 17527763 is divided by 1618?
1587
What is the remainder when 3446786 is divided by 47203?
967
What is the remainder when 21172481 is divided by 738?
737
Calculate the remainder when 2629079 is divided by 484.
475
What is the remainder when 6446308 is divided by 235?
23
What is the remainder when 204954 is divided by 53?
3
What is the remainder when 4252785 is divided by 137179?
236
What is the remainder when 239606 is divided by 119796?
14
Calculate the remainder when 39925 is divided by 316.
109
Calculate the remainder when 961236 is divided by 41770.
526
What is the remainder when 1563212 is divided by 16991?
40
What is the remainder when 3769944 is divided by 1087?
228
What is the remainder when 963176 is divided by 160522?
44
Calculate the remainder when 2179751 is divided by 2398.
2367
Calculate the remainder when 9517352 is divided by 2942.
2924
Calculate the remainder when 4541618 is divided by 1125.
1118
Calculate the remainder when 6000476 is divided by 352968.
20
What is the remainder when 3199451 is divided by 168391?
22
What is the remainder when 703 is divided by 7?
3
What is the remainder when 234848 is divided by 530?
58
Calculate the remainder when 9214286 is divided by 38233.
133
What is the remainder when 10356416 is divided by 1377?
1376
Calculate the remainder when 1015112 is divided by 253736.
168
What is the remainder when 8098829 is divided by 6062?
6059
What is the remainder when 835156 is divided by 818?
796
Calculate the remainder when 3751131 is divided by 526.
225
Calculate the remainder when 5845886 is divided by 16016.
46
Calculate the remainder when 498954 is divided by 4.
2
Calculate the remainder when 1785553 is divided by 49579.
709
What is the remainder when 158231211 is divided by 297?
6
What is the remainder when 784275 is divided by 156828?
135
Calculate the remainder when 141364 is divided by 302.
28
Calculate the remainder when 8761898 is divided by 1095232.
42
What is the remainder when 5012920 is divided by 156652?
56
What is the remainder when 47094 is divided by 1956?
150
What is the remainder when 157015 is divided by 1747?
1532
Calculate the remainder when 984061 is divided by 5021.
4966
What is the remainder when 2694858 is divided by 34998?
12
What is the remainder when 7084146 is divided by 11?
3
Calculate the remainder when 307124750 is divided by 671.
669
What is the remainder when 52458780 is divided by 113?
112
What is the remainder when 574132 is divided by 35878?
84
Calculate the remainder when 12374228 is divided by 1466.
1188
What is the remainder when 1148438086 is divided by 252?
250
What is the remainder when 40654612 is divided by 26?
24
Calculate the remainder when 355904 is divided by 58.
16
What is the remainder when 178088 is divided by 9372?
20
What is the remainder when 625688 is divided by 2994?
2936
Calculate the remainder when 3684923 is divided by 113.
106
What is the remainder when 261734 is divided by 4673?
46
What is the remainder when 37076 is divided by 32629?
4447
Calculate the remainder when 966255 is divided by 482061.
2133
Calculate the remainder when 6822 is divided by 323.
39
What is the remainder when 4113503 is divided by 83949?
2
Calculate the remainder when 25438042 is divided by 5087607.
7
What is the remainder when 26492084 is divided by 2408371?
3
What is the remainder when 206983 is divided by 924?
7
What is the remainder when 248809 is divided by 15545?
89
What is the remainder when 1290446 is divided by 645209?
28
What is the remainder when 1852562 is divided by 255?
242
Calculate the remainder when 2280467 is divided by 667.
661
Calculate the remainder when 15416 is divided by 15347.
69
Calculate the remainder when 241876 is divided by 56.
12
Calculate the remainder when 714513 is divided by 37466.
2659
What is the remainder when 522211 is divided by 173954?
349
Calculate the remainder when 192203 is divided by 1248.
11
Calculate the remainder when 578209 is divided by 1002.
55
What is the remainder when 6982555 is divided by 525?
55
Calculate the remainder when 7536716 is divided by 1180.
56
What is the remainder when 4116817 is divided by 1898?
55
Calculate the remainder when 9672214 is divided by 57.
55
What is the remainder when 769671 is divided by 913?
12
What is the remainder when 481168 is divided by 366?
244
Calculate the remainder when 2133669 is divided by 4838.
111
Calculate the remainder when 80301382 is divided by 403.
5
What is the remainder when 1751930 is divided by 250275?
5
What is the remainder when 733829 is divided by 2237?
93
Calculate the remainder when 34675989 is divided by 24.
21
What is the remainder when 684545343 is divided by 2383?
2380
Calculate the remainder when 44150554 is divided by 6307215.
49
Calculate the remainder when 379372 is divided by 1220.
1172
Calculate the remainder when 53171379 is divided by 18.
9
Calculate 